a**4/4 + a**2 - a - 15. Let u = 13 - 15. Give q(u).
-13
Let h = -9 + 12. Let n be h + -18 + -2 + 2. Let k be (n/(-6))/(1/2). Let o(g) = 3*g - 7. Calculate o(k).
8
Suppose 12 = -4*c - 0. Let q(y) be the third derivative of y**6/120 + y**5/30 - 5*y**4/24 - y**3/3 + 2*y**2 - 159*y. Determine q(c).
4
Let i(c) = 12204*c - 3 - 4069*c + 1 - 4067*c - 4070*c. Let o be ((-6)/(-5))/((-6)/(-20)). What is i(o)?
-10
Let j(p) = 4*p**3 - p + 4. Let m(x) be the first derivative of -x**4/4 - x**3/3 - x**2/2 - x - 23. Let v(k) = -j(k) - 2*m(k). Give v(2).
-4
Let v(h) = 0*h + h**3 - 16 - 8 - 12 + 33 + 3*h. Let r(g) = g**3 - 3*g**2 + 4*g - 2. Let w be r(2). Give v(w).
11
Let v(c) = -c**2 - 6. Let z(t) = -t**2 + t - 5. Let r(s) = 2*v(s) - 3*z(s). Determine r(2).
1
Let s(d) = -17*d + 11. Let n(y) = 16*y - 9. Let f(c) = 6*n(c) + 5*s(c). What is f(1)?
12
Let x(d) = -70 - 70 + 142 - d. What is x(-4)?
6
Suppose -2*m - m = 3*c - 24, 4*c - 3*m = 4. Suppose 0 = c*q + j - 6 + 29, 5*q + 26 = -4*j. Let s(p) = 2*p + 4. Give s(q).
-8
Let p(c) = 25*c + 50. Let t be p(-5). Let v = t + 79. Let n(b) = b**3 - 3*b**2 - 4*b + 3. Calculate n(v).
3
Let a(w) be the third derivative of w**5/60 - 5*w**4/24 + w**3/2 - 30*w**2. Let h(v) = -1 - v - 4*v**2 - 2*v**3 - 10*v + 8*v. Let n be h(-2). Calculate a(n).
3
Let d(p) be the first derivative of p**2 - 2*p - 3. Let y = 277 - 274. Determine d(y).
4
Suppose 3*m + 9 = 6*m. Suppose -2 - 7 = -m*p. Let x(q) = -5 + 27*q**2 + 0*q**3 + 2*q + q**p - 31*q**2. Give x(4).
3
Let b(v) = 2 + 1 - v + 1. Let m(o) = o**3 - 20*o**2 - o + 24. Let j(x) = -x**2 + 8*x + 29. Let k be j(9). Let w be m(k). What is b(w)?
0
Let f(m) = -m**3 - 4*m**2 + 5*m + 2. Let n(i) = -i**3 - 7*i**2 - 4*i - 32. Let b be n(-7). Calculate f(b).
-18
Let k(j) be the first derivative of -5/2*j**2 - 14 + j. What is k(2)?
-9
Let z(y) = -y**2 - 11*y + 2. Suppose 0 = 3*i - j + 32, 0 = -i - 3*i + 3*j - 51. What is z(i)?
20
Let m(c) = c. Let p(i) = -19*i - 9. Let t(n) = 161*n + 77. Let b(g) = 42*p(g) + 5*t(g). Let a(k) = b(k) - 5*m(k). Determine a(6).
19
Let s = -25 - -41. Suppose s*v - 7*v = 36. Let q(y) = -2*y + 3. Give q(v).
-5
Let c(h) be the first derivative of h**4/4 - h**2 - 3*h - 578. Give c(0).
-3
Let y(x) = x**2 - 11 - 12*x**2 + 10*x**2 + 2 + 10*x. Determine y(7).
12
Let q(i) be the first derivative of -3*i**2/2 + i - 8. Calculate q(-5).
16
Let l = -1876 + 1878. Let r(k) = -k**2 + 8*k - 17. Calculate r(l).
-5
Let l(r) = -r + 2. Let f be l(-2). Suppose 4*m = 2*d + 3*d - 12, -m = -2*d + 6. Let y(q) = m + 0 - 7 + q. Give y(f).
-1
Let c(p) = -p**3 + 16. Let z be 711/81 + -9 - 8/(-36). Give c(z).
16
Let a(l) = l**3 + 4*l**2 + 4*l. Suppose 16 = j + 5*h - 5, 4*j - 4*h + 36 = 0. Determine a(j).
-16
Let v(t) = -2*t**2 + 20*t + 21. Let n(x) = x**2 - 10*x - 10. Let l(p) = -5*n(p) - 3*v(p). Give l(10).
-13
Let z(d) = d**2 + 112*d - 53*d + 4 + 5*d**3 - 59*d - 5. What is z(-1)?
-5
Let r(f) = -2*f**2 - 4*f - 2. Suppose -6*y = -17*y - 22. Give r(y).
-2
Let a = -30 - -32. Suppose 8 = 4*i - 4*p, i + p - 6*p = a. Let b(x) = -x**3 + 2*x**2 - 2*x - 2. Calculate b(i).
-6
Let o(p) be the second derivative of -p**5/60 + p**4/3 - 7*p**3/6 - 33*p**2/2 - 36*p. Let x(j) be the first derivative of o(j). Determine x(7).
0
Let m(g) = 5*g**3 + 3*g**2 - 3*g**3 + 4 - g**3. Let q be m(-3). Let z(i) be the first derivative of i**4/4 - 4*i**3/3 - i**2/2 - i - 8. Calculate z(q).
-5
Suppose -z - 6 = -2*u, -3*z - 2*u + 18 = u. Let m(x) = z*x**3 - 33*x + 27*x - 6*x**2 - 7 - x**3. Give m(7).
0
Suppose 57 = 4*c + 25. Let z(x) = x**3 - 9*x**2 + 6*x - 8. Determine z(c).
-24
Suppose 4*b + 444 = 2*f, 4*f + 0*f + 5*b - 888 = 0. Let y be f/57 + (-8)/(-76). Let q(s) = -s**3 + 5*s**2 - 3*s + 6. What is q(y)?
10
Let l(n) be the third derivative of -n**5/60 - n**4/8 + 5*n**3/6 + 4*n**2 + 42. Calculate l(2).
-5
Suppose -16 = 4*t, 2*t + 5 + 5 = r. Let x(y) = 4 - y**3 + y**r - 5*y - 6*y**2 - 2*y**2. Determine x(-6).
-2
Let l(g) be the third derivative of g**4/12 + g**3/3 - g**2. Let t = 1099 - 1104. What is l(t)?
-8
Let o = 14 - 12. Let j(d) = 5*d**o + d**3 + 3*d + d**2 - 2 - d**2. Suppose -5*w = -12 + 27. Give j(w).
7
Let r(f) = -2*f**2 + 4*f + 6. Suppose -34*x + 32*x = -10. Let p(t) = 3*t**2 - 7*t - 12. Let u(q) = x*r(q) + 3*p(q). Determine u(0).
-6
Suppose 26 = -4*y + 6, 0 = -3*h - 3*y - 15. Let p(x) = x + 20. Determine p(h).
20
Let b = 17 + -13. Suppose b*j - 2 = 2*j. Let z(m) = -13*m. Calculate z(j).
-13
Let u(m) = m - 4. Let j be (6 + 3/(-6))*2. Calculate u(j).
7
Suppose 5*y - 3 = 7. Suppose 0 = -5*z + 7*k - y*k + 5, -5*z + k = -1. Let c(l) = -2*l - 15. Let p(a) = a + 8. Let v(n) = 2*c(n) + 5*p(n). What is v(z)?
10
Let y(p) be the second derivative of 4*p - 1/2*p**2 + 0*p**4 + 1/6*p**3 - 1/20*p**6 - 1/60*p**5 + 0. Let b(r) be the first derivative of y(r). Determine b(-1).
6
Let k be 24/18 - 1/3. Let z(g) = -3*g**3 - 5*g**2 + 6*g - 1. Let h(c) = -c**3 + c**2 - c. Let v = 34 + -38. Let l(x) = v*h(x) - z(x). Calculate l(k).
7
Let l(t) = -25*t - 2. Let y(u) = 54*u - 268. Let k be y(5). Give l(k).
-52
Let i(x) = 175*x + 5 - 528*x + 175*x + 174*x. Determine i(-11).
49
Suppose -5*i - 2*u + 30 = 0, -5*i - 5*u - 9 = -3*i. Let s(y) = y**2 - 6*y - 4. Calculate s(i).
12
Suppose 0 = -4*x + 9*x - 10. Let k(g) = g + 9. Let i be k(-7). Let t(r) = -3 + 3 - 3*r**i - 6 + 6*r + x*r**2. Determine t(4).
2
Let l(y) = -2*y**3 + 5*y + 2. Let d(x) = -5*x**3 + x**2 + 14*x + 5. Let c(n) = -3*d(n) + 8*l(n). Suppose 0 = -15*h + 11 - 56. Determine c(h).
7
Let h = -7 + 9. Suppose u + l - h = 0, 2*u + 3*u = l + 16. Let i(j) = -3*j - 2*j**2 - 3 + 6*j**2 - 2*j**2. Determine i(u).
6
Let m(z) = z**3 - 3*z + 2. Let x = 24 + -22. What is m(x)?
4
Let n(l) = l + 1. Let v be n(2). Suppose 4*b = 7*b - 9. Let r(h) = b*h - h + 2*h - 1 + 2*h**2 + v. What is r(-3)?
8
Let a(f) = 2*f + 14. Let v be 3/(18/4) - (-1600)/12. Suppose -v + 13 = 11*p. Give a(p).
-8
Let t(u) = 2*u - 3. Let r be ((-4)/3)/(13/273). Let g = -22 - r. Calculate t(g).
9
Let v(i) be the second derivative of -i**4/12 + i**3/2 - 9*i. Let a be v(3). Let b(p) = -p - 4. Let k(m) = -1. Let s(f) = -b(f) + 5*k(f). Give s(a).
-1
Let f be -6*24/(-18) - 5. Let y(n) = -n - 15. Let j(a) = 3. Let q(p) = 11*j(p) + 2*y(p). What is q(f)?
-3
Let t(o) be the first derivative of -o**4/4 - o**3/3 - 2*o**2 + 3*o + 1. Let h = 48 - 21. Suppose 4*v - 4*j = 2*v - 16, -5*j + h = v. Give t(v).
-17
Let q(h) = -h**3 + 9*h**2 - 6*h - 15. Suppose 0 = 2*k - 3*a - 7, 3*k + a - 36 = -3*a. Calculate q(k).
1
Let r(j) = -j**3 + j**2 + 1. Let l(h) = -h**3 + 27*h + 0*h**2 - h**2 - 26*h. Let w be l(0). Let y be r(w). Let p(o) = -7*o - 1. Give p(y).
-8
Let a(m) be the third derivative of m**5/60 + m**4/6 + m**3/3 + 2*m**2 - 1. Determine a(-5).
7
Let q(l) = 5*l**2 + 4*l + 5. Let h(y) = -9*y**2 - 5*y - 11. Let o(i) = 4*h(i) + 7*q(i). Let w(b) = b + 1. Let n be w(6). Determine o(n).
-2
Suppose -133 = -19*o - 95. Let j(n) = 2*n**2 - 2*n + 2. Determine j(o).
6
Let g = -477 - -480. Let k(w) = -12*w**2 - 1 + 6*w**2 - 6*w + 7*w**2 + 5. Determine k(g).
-5
Let q(l) = 5*l - 2*l - 7*l - l**2 + 7*l - 2 - 4. Determine q(3).
-6
Let f = 25 + -30. Let a(b) be the first derivative of b**2/2 - 2*b - 12. Give a(f).
-7
Let x(u) = 2*u**3 - 11*u**2 + 11*u - 6. Let c(n) = 3*n**3 - 12*n**2 + 12*n - 4. Let a(i) = 3*c(i) - 4*x(i). Determine a(-9).
3
Let u(h) = h**2 - 2. Suppose 22 = 3*f + 7. Suppose -o = 1 - f. Suppose -3*a = -o*j - 0*j - 11, -19 = -2*a + 5*j. Determine u(a).
7
Let i(y) = y - 2*y**2 + 11 + y**2 - 2*y. Suppose 0 = -36*c + 168 - 168. Calculate i(c).
11
Let x(v) = 7*v + 3. Let l = -731 + 729. Determine x(l).
-11
Let h(g) be the second derivative of -g**4/12 + g**3 + 13*g**2/2 - 2*g - 7. Determine h(7).
6
Let i(t) be the first derivative of t**4/4 + 5*t**3/3 + t**2/2 - t + 146. Let z be 1/2 + (-66)/12. What is i(z)?
-6
Let j(t) = 6*t**3 - 6*t**2 - 21*t + 6. Let o(g) = g**3 - 2*g - 1. Let d(h) = j(h) - 5*o(h). Give d(7).
-17
Let k(g) = 5*g + 8. Let n(p) = 2*p - 1. Let f be n(3). Suppose -f*h - 28 + 13 = 0. Let b(y) = -2*y - 4. Let o(a) = h*k(a) - 5*b(a). What is o(-3)?
11
Let u(p) = -4*p**3 - 5*p + 4. Let g(z) = -11*z**3 - z**2 - 14*z + 11. Suppose -n = -7 - 1. Let h(j) = n*u(j) - 3*g(j). Calculate h(-3).
-7
Suppose -z = -5*z + 80. Let p be (-18)/(-15)*z/3. Let y 